 0*k**3 - 7*k**2 - k**3 + 8*k - 7 + 2*k**3. Suppose -5*r + 28 = -2. What are the prime factors of a(r)?
5
Suppose -62*w + 2193311 = 27*w - 3660575. What are the prime factors of w?
2, 32887
List the prime factors of 6590 - (-1)/(558/(-63) - (8 + -17)).
3, 733
Suppose a + 5 = -x, 2*a = 3*x + 7*a + 13. Let n(w) be the first derivative of w**3/3 + 3*w**2/2 + 20*w + 2. List the prime factors of n(x).
2, 19
Suppose 0 = 15*h - 126698 + 13253. List the prime factors of h.
3, 2521
Let z be -26 - -27 - (-141 + (0 - 0)). Suppose 218 + z = 3*c. What are the prime factors of c?
2, 3, 5
Suppose -26200 = 18*p - 28*p. List the prime factors of p.
2, 5, 131
Suppose -58930 = -45*k + 136280. What are the prime factors of k?
2, 3, 241
List the prime factors of 0 + 18722/20 + -15 + 2235/150.
2, 3, 13
Let r = -39993 - -73370. List the prime factors of r.
33377
Suppose -6*m - 288 = 2352. Let r = m - -810. List the prime factors of r.
2, 5, 37
Suppose 68*g + 458217 = 149*g. List the prime factors of g.
5657
Suppose -r + 1153 = -5*v, 0 = -r - 2*r + 5*v + 3469. List the prime factors of r.
2, 3, 193
Suppose -2*t = 4*q + 3*t - 8, -2*q - 2*t = -2. Let f be (-13)/39 - 43/q. List the prime factors of 729/(-18)*(-7)/(f/12).
3
Let r(z) = -27*z**3 + 9*z**2 - 5. What are the prime factors of r(-4)?
1867
Let d(q) = q**3 + 14*q**2 + 3*q + 9. Let a = 15 - -937. Let r be 6/27 + a/(-72). List the prime factors of d(r).
139
Let l = -47 - -50. Suppose 2*a - 12 = -a + l*w, -3*a + 20 = w. Suppose 0 = 38*h - 41*h + a. List the prime factors of h.
2
Let y(t) = 166*t**3 + t - 2. Let u be y(1). Suppose u*v - 172*v = -336. What are the prime factors of v?
2, 3
List the prime factors of ((-99731)/(-29))/((-13)/(-65)).
5, 19, 181
Let b = 270 - 256. Suppose 1201 = b*u - 3307. List the prime factors of u.
2, 7, 23
Suppose 266*n = 5852311 + 5465129 + 3698260. What are the prime factors of n?
2, 5, 1129
Let b(x) = -64*x + 1. Let z be b(-1). Let c = z - 60. Suppose c*y + 4*u - 1 = 5, 14 = 5*y - 4*u. What are the prime factors of y?
2
Let i = 293 - 289. Suppose 3*c = i*c - 529. List the prime factors of c.
23
Let f be (2 - (-3)/3*-3)/(-1). Let k(u) = -u**3 - u**2 + u + 61. Let c be k(0). List the prime factors of (-3 + -1)/f + c.
3, 19
Let p(q) = 9*q**2 - 2*q + 1. Let b be p(1). Let v(z) = -10*z + 4*z**2 - 10*z + 14328 - 14318. List the prime factors of v(b).
2, 53
Let h = -338 - -338. Suppose -4*u - 5*l = -142 - 1297, -u + 3*l + 381 = h. What are the prime factors of u?
2, 3, 61
Let p(z) = -73*z**3 + 12*z**2 + 43*z + 1. List the prime factors of p(-4).
13, 19
Let t(f) be the first derivative of f**3/3 + 5*f**2/2 + 10. Suppose 12*l - 30 = 18. List the prime factors of t(l).
2, 3
Let u(z) = 11*z**2 - z + 1. Let k be u(1). Suppose k*a = 14*a - 1638. Suppose 4*i - a + 142 = 0. List the prime factors of i.
101
Suppose 0 = 5*v + 59 - 84, -5*k + 3*v + 4210 = 0. List the prime factors of k.
5, 13
Let j = 6137 - 807. List the prime factors of j.
2, 5, 13, 41
Let s be ((-239482)/(-87))/((-2)/42). List the prime factors of s/(-98) - (-1)/7.
2, 5, 59
Suppose 0 = -4*t + 5*q + 24540, -6*q + q - 30680 = -5*t. List the prime factors of t.
2, 5, 307
Suppose -2 = -2*m + 6. What are the prime factors of 3/m - 0 - 1383/(-12)?
2, 29
Suppose -36 = j - 4*j. Let n(x) = -2*x**3 - 32*x**2 - 29*x + 31. Let t be n(-15). Suppose -j*c + 11*c = -t. What are the prime factors of c?
2
Suppose 3*y - 3*d - 14875 - 2270 = 0, -5*d + 11388 = 2*y. What are the prime factors of y?
3, 11, 173
Let a(m) = 1028*m - 2383. What are the prime factors of a(5)?
3, 919
Let m = -3716 - -7888. List the prime factors of m.
2, 7, 149
Suppose z - 13417 = -q - 3618, -3*z - q + 29387 = 0. What are the prime factors of z?
2, 59, 83
Let h = 5466 - 8685. Let p = h + 4614. Suppose 2*m - 5*m = 5*r - p, -4*r = -2*m - 1138. What are the prime factors of r?
2, 3, 47
Let y(g) = g**2 - 6*g + 10. Let z be y(3). Let o be 48/12 - (z + 0). List the prime factors of (2 + o - -43) + 4.
2, 13
Let t(i) = 80*i + 2502. What are the prime factors of t(-6)?
2, 3, 337
Suppose 4*f + 4*q - 4 = 0, 3*f + 5*q - 2 + 3 = 0. Suppose 0 = 3*m + 3*h - 789, -2*m + f*h - 129 = -670. What are the prime factors of m?
2, 7, 19
Let h be (5/(-3))/(250/(-300)). Suppose -p + 10069 = 4*p - h*i, -i = 2. List the prime factors of p.
3, 11, 61
Suppose -196938 = 14*r - 34*r - 7*r. What are the prime factors of r?
2, 7, 521
Suppose 3*p + 2*n - 7 = -0*n, 5*p + n - 7 = 0. Let l be p/(-4 + 30156/7540). What are the prime factors of 3/6 - l/10?
3, 7
Let b = -9 - -15. Suppose 24 = -3*i - b. Let w(a) = -a**3 - 8*a**2 + 18*a + 9. What are the prime factors of w(i)?
29
Let g(z) = 2*z**2 - 40*z + 3. Let w be g(20). Suppose -3*r + 2*f = -681, 0*f = -w*r + f + 681. What are the prime factors of r?
227
Suppose 0 = 12*w - 45795 - 29265. Suppose -w = -2*p - 3*p. What are the prime factors of p?
3, 139
Let t(q) = 35*q + 99. Suppose 2*j - j + 64 = 5*o, -4*o - j + 53 = 0. What are the prime factors of t(o)?
2, 277
Suppose -36*x + 184406 + 865035 = 95*x. What are the prime factors of x?
8011
Let w = 4158 - 353. List the prime factors of w.
5, 761
Let s(a) = -5*a + 32. Let y be s(18). What are the prime factors of ((-29)/y)/(2/6884)?
1721
Let w = -336 - -367. Suppose -w*p + 1746 = -28*p. What are the prime factors of p?
2, 3, 97
Let w be -188 - (-3 + 10)*1. What are the prime factors of 13/(w/(-10626)) - (-12)/(-30)?
2, 3, 59
Let i = -2176 - -6713. What are the prime factors of i?
13, 349
Let r = -13 + 22. Let z(d) = 8*d**2 + d + 9. What are the prime factors of z(r)?
2, 3, 37
Suppose -5*r - 36802 = -4*s + 34389, 0 = -s + r + 17796. List the prime factors of s.
17789
Suppose -252457 + 33865 = -99*d. List the prime factors of d.
2, 3, 23
Let x(g) = 2*g**3 + 5*g**2 + 9*g + 6. Let h be x(5). Suppose -6*f + h = -4*f. Let v = f - 147. List the prime factors of v.
2, 3, 11
Let j(p) = p**3 - 9*p**2 - 7*p - 200. What are the prime factors of j(21)?
5, 23, 43
Let n(r) = r**2 - 6*r + 10. Suppose 5*h - 9 = q, -3*h = -3*q - 5*h + 24. Let b be n(q). List the prime factors of 154/b - 4/10.
3, 5
Let c(b) = -b**3 - 10*b**2 + 6*b - 30. Let d(y) = -y**3 - 19*y**2 - 32*y + 21. Let u be d(-17). List the prime factors of c(u).
3, 7, 19
Let k = -150 - -64. Let x = k + 121. Let n = x - -57. What are the prime factors of n?
2, 23
Suppose 9*z = 910 - 199. Suppose 0 = -7*d + z + 481. List the prime factors of d.
2, 5
Suppose 15 - 10 = i, 3*u - 5*i = -25. Suppose 3*c - 15*c + 5532 = u. What are the prime factors of c?
461
Suppose -46*s - 20 = -56*s. Suppose 2*i + 4*w = 73 + 33, 0 = s*w + 6. What are the prime factors of i?
59
Suppose -115 = i - 37. Let w = 53 + i. List the prime factors of (-1 - (-4)/(-1))*10/w.
2
Let y be ((-130)/4 + 2)/((-2)/4). Let a = y + -19. Suppose 68*j = 69*j - a. What are the prime factors of j?
2, 3, 7
Let q be 28/(-4 - -11)*(-1)/2. Let r be (-3 - 0)/(q*2/4). Suppose r*b = -2*w + 691, -w - w = 2*b - 464. List the prime factors of b.
227
Let q(b) = -3*b - 28. Let u be q(-10). Suppose u*f + f - 3 = 0. What are the prime factors of (-310)/(-20)*f*2?
31
Let s = -207 - -215. Suppose -12*m + 16740 = s*m. List the prime factors of m.
3, 31
Let x = 3491 + 2609. What are the prime factors of x?
2, 5, 61
Let x = -56 + 68. Suppose 0 = -5*y - 5*o - 10, -2*o - x = -4*y - 2. Let t(v) = 98*v**3 + v**2 + 2*v - 3. List the prime factors of t(y).
2, 7
Let s(p) = -4*p - 90. Let d be s(-23). Suppose -4*j = -11*u + 12*u - 3268, -2*u = d*j - 1634. List the prime factors of j.
19, 43
Let r be 58/8 + (-27)/(-36). Let i(b) = b - 8. Let y be i(r). Suppose m = -y*p - 5*p + 645, 150 = p - 4*m. List the prime factors of p.
2, 5, 13
Suppose 0 = -3*y + 15, -2*u - 58*y + 1506 = -56*y. List the prime factors of u.
2, 11, 17
Suppose 4*f = 51 + 109. Suppose 5*n - f = 5*r, -r + 4 = -2*r. Suppose -k - n*k + 5*h = -815, 3*k - 477 = -h. List the prime factors of k.
2, 5
Suppose 27*q = -104 + 509. Let w(r) = 41*r + 98. What are the prime factors of w(q)?
23, 31
Suppose -2*l + 6 = -0*l. Let u be -1 + (-1)/l*3*-293. Suppose u = -3*r + 724. List the prime factors of r.
2, 3
Let r = 174 - 142. Suppose -x + a = -326, 2*a = -2*x + 704 - r. What are the prime factors of x?
331
Suppose -447*d = -452*d - w + 23831, -3*w = -3. What are the prime factors of d?
2, 